21857
What are the prime factors of 66929814?
2, 3, 7, 59021
List the prime factors of 5827394064.
2, 3, 121404043
What are the prime factors of 781602977?
139, 5623043
List the prime factors of 1874259775.
5, 17, 71, 179, 347
List the prime factors of 166658734.
2, 11, 953, 7949
What are the prime factors of 937116820?
2, 5, 46855841
List the prime factors of 4664515643.
29, 2999, 53633
What are the prime factors of 38959966?
2, 19479983
List the prime factors of 605886760.
2, 5, 15147169
List the prime factors of 3925346163.
3, 1308448721
What are the prime factors of 93061176?
2, 3, 13, 379, 787
What are the prime factors of 324267966?
2, 3, 11, 29, 56473
What are the prime factors of 3493267277?
877, 3983201
What are the prime factors of 4468553757?
3, 165501991
List the prime factors of 172569318.
2, 3, 28761553
What are the prime factors of 4530734367?
3, 67, 271, 83177
What are the prime factors of 301906622?
2, 409, 369079
List the prime factors of 85886156.
2, 19, 1130081
What are the prime factors of 120326516?
2, 37, 813017
List the prime factors of 200376315.
3, 5, 653, 2273
List the prime factors of 1298902877.
59, 3089, 7127
List the prime factors of 117766543.
109, 929, 1163
What are the prime factors of 75464878?
2, 37732439
List the prime factors of 15144684.
2, 3, 1262057
What are the prime factors of 583146589?
7949, 73361
List the prime factors of 817996501.
7, 67, 283, 6163
List the prime factors of 50717822.
2, 25358911
List the prime factors of 310902693.
3, 73, 131, 10837
List the prime factors of 22276879.
31, 151, 4759
What are the prime factors of 113672852?
2, 229, 124097
What are the prime factors of 18612248?
2, 19, 122449
List the prime factors of 2274227251.
3301, 688951
What are the prime factors of 1551803393?
7, 43, 199, 3701
What are the prime factors of 347337887?
13, 223, 119813
List the prime factors of 70941179.
83, 854713
What are the prime factors of 205919248?
2, 103, 124951
What are the prime factors of 1014584?
2, 126823
What are the prime factors of 155501020?
2, 5, 7775051
List the prime factors of 312951074.
2, 79, 1980703
What are the prime factors of 1290072350?
2, 5, 7, 127, 29023
List the prime factors of 17221788.
2, 3, 181, 881
What are the prime factors of 2020873098?
2, 3, 19, 317, 55921
List the prime factors of 131679340.
2, 5, 13, 506459
What are the prime factors of 57695514?
2, 3, 19, 506101
List the prime factors of 3614180564.
2, 29, 31156729
List the prime factors of 464750372.
2, 1559, 74527
What are the prime factors of 31864567?
7, 1103, 4127
What are the prime factors of 258730430?
2, 5, 7, 139, 26591
List the prime factors of 5914666704.
2, 3, 123222223
What are the prime factors of 2492866334?
2, 7, 131, 617, 2203
List the prime factors of 1242766296.
2, 3, 17260643
What are the prime factors of 65506645?
5, 23, 569623
What are the prime factors of 215504851?
241, 894211
What are the prime factors of 12817908?
2, 3, 79, 4507
What are the prime factors of 379436738?
2, 4079, 46511
What are the prime factors of 69104416?
2, 2159513
What are the prime factors of 73915463?
73915463
What are the prime factors of 964238433?
3, 71, 4526941
List the prime factors of 1734728410.
2, 5, 6793, 25537
List the prime factors of 13896658.
2, 607, 11447
What are the prime factors of 18368389?
13, 193, 7321
List the prime factors of 395364122.
2, 19, 811, 12829
List the prime factors of 4414257706.
2, 17, 331, 392239
What are the prime factors of 409523353?
17, 157, 153437
What are the prime factors of 232187031?
3, 199, 129641
What are the prime factors of 234576364?
2, 11, 607, 8783
What are the prime factors of 164797473?
3, 17, 89, 36307
What are the prime factors of 135077286?
2, 3, 367, 61343
What are the prime factors of 139617248?
2, 137, 31847
List the prime factors of 232103349.
3, 25789261
List the prime factors of 816694432.
2, 25521701
What are the prime factors of 669390193?
3299, 202907
List the prime factors of 698341893.
3, 23, 440039
What are the prime factors of 1827335950?
2, 5, 11, 17, 109, 163
List the prime factors of 685690312.
2, 311, 275599
What are the prime factors of 1442581221?
3, 67, 281, 25541
List the prime factors of 1171352268.
2, 3, 32537563
List the prime factors of 2487916186.
2, 7, 37, 4802927
List the prime factors of 57078932.
2, 14269733
List the prime factors of 11778405.
3, 5, 785227
What are the prime factors of 105952843?
105952843
List the prime factors of 4093082255.
5, 151, 173, 31337
List the prime factors of 206637644.
2, 29, 1781359
What are the prime factors of 216504665?
5, 13, 1709, 1949
What are the prime factors of 2192239837?
127, 197, 87623
What are the prime factors of 127762141?
13, 58153
List the prime factors of 634135381.
11, 2917, 19763
What are the prime factors of 453090199?
47, 205111
What are the prime factors of 3767963528?
2, 7, 173, 388931
What are the prime factors of 37784139?
3, 12594713
List the prime factors of 735355274.
2, 367677637
List the prime factors of 749435368.
2, 11, 811, 10501
What are the prime factors of 61618044?
2, 3, 349, 14713
What are the prime factors of 4159121?
409, 10169
List the prime factors of 2024945025.
3, 5, 1061, 25447
What are the prime factors of 155527925?
5, 7, 421, 2111
List the prime factors of 29315616.
2, 3, 11, 17, 23, 71
What are the prime factors of 225103715?
5, 17, 2648279
List the prime factors of 36506070.
2, 3, 5, 29, 71, 197
What are the prime factors of 1814928682?
2, 7, 641, 202243
What are the prime factors of 37836046?
2, 73, 259151
What are the prime factors of 679552730?
2, 5, 17, 37, 108037
List the prime factors of 117593267.
11, 17, 628841
List the prime factors of 56063848.
2, 191, 36691
List the prime factors of 1387410495.
3, 5, 19, 4868107
List the prime factors of 210210425.
5, 1367, 6151
What are the prime factors of 347660921?
647, 537343
List the prime factors of 7548627626.
2, 3774313813
List the prime factors of 268326644.
2, 67081661
What are the prime factors of 119885715?
3, 5, 2664127
List the prime factors of 28112684.
2, 53, 132607
What are the prime factors of 2982618431?
13, 17, 41, 67
What are the prime factors of 130107627?
3, 13, 157, 787
List the prime factors of 311572256.
2, 479, 20327
List the prime factors of 5736044254.
2, 19, 43, 3510431
What are the prime factors of 68225792?
2, 31, 8597
What are the prime factors of 127690443?
3, 14187827
What are the prime factors of 1486353144?
2, 3, 61931381
What are the prime factors of 96660584?
2, 12082573
List the prime factors of 3022204347.
3, 23, 29, 241, 2089
List the prime factors of 578561274.
2, 3, 23, 1397491
What are the prime factors of 293311788?
2, 3, 7, 11, 317437
List the prime factors of 2589458.
2, 1294729
What are the prime factors of 299423056?
2, 89, 283, 743
What are the prime factors of 815938222?
2, 11, 17, 769, 2837
List the prime factors of 266505406.
2, 133252703
List the prime factors of 1467177338.
2, 11, 29, 2299651
List the prime factors of 6543806.
2, 3271903
List the prime factors of 134061287.
29, 159407
List the prime factors of 2106553503.
3, 19, 491, 75269
What are the prime factors of 278480273?
281, 683, 1451
List the prime factors of 27772633.
7, 29, 136811
What are the prime factors of 197491904?
2, 1553, 1987
List the prime factors of 397534773.
3, 887, 149393
List the prime factors of 573311676.
2, 3, 7, 823, 8293
What are the prime factors of 39545611?
7, 67, 84319
List the prime factors of 215959424.
2, 1687183
What are the prime factors of 286192124?
2, 31, 2308001
What are the prime factors of 78184691?
13, 601, 10007
What are the prime factors of 868663488?
2, 3, 7, 11, 58757
What are the prime factors of 620562604?
2, 463, 335077
List the prime factors of 1094398913.
37, 89, 109, 3049
List the prime factors of 4142089.
7, 131, 4517
List the prime factors of 169455722.
2, 84727861
List the prime factors of 362242672.
2, 11, 2058197
List the prime factors of 4669782.
2, 3, 13, 19, 23, 137
List the prime factors of 16973837.
17, 58733
List the prime factors of 78820938.
2, 3, 7, 7723
What are the prime factors of 226416003?
3, 11, 6861091
List the prime factors of 306504779.
7, 43786397
What are the prime factors of 64816897?
64816897
List the 